{"id":14,"date":"2026-03-10T04:52:33","date_gmt":"2026-03-10T03:52:33","guid":{"rendered":"https:\/\/boutiquesqc.ca\/dev-ia\/?page_id=14"},"modified":"2026-03-11T11:36:44","modified_gmt":"2026-03-11T15:36:44","slug":"confidentialite","status":"publish","type":"page","link":"https:\/\/boutiquesqc.ca\/dev-ia\/confidentialite\/","title":{"rendered":"CONFIDENTIALIT\u00c9"},"content":{"rendered":"\n<p>Politiques de confidentialit\u00e9<\/p>\n\n\n\n<p>Nous respectons la vie priv\u00e9e de chaque personne et ne collectons aucune donn\u00e9e personnelle sans votre consentement explicite. Si vous choisissez de nous contacter, il est possible que vous receviez des courriels de notre part, soit pour r\u00e9pondre \u00e0 vos demandes, soit pour vous informer de nos offres sp\u00e9ciales. Vous restez toutefois libre de mettre fin \u00e0 ces communications \u00e0 tout moment en nous envoyant simplement un message avec la mention \u201cArr\u00eater\u201d.<\/p>\n\n\n\n<p>Informations d\u2019identification personnelle<\/p>\n\n\n\n<p>Nous pouvons collecter des informations d\u2019identification personnelle aupr\u00e8s des utilisateurs de diverses mani\u00e8res, y compris, mais sans s\u2019y limiter, lorsque les utilisateurs s\u2019inscrivent sur le site, passent une commande, s\u2019abonnent au bulletin d\u2019information, remplissent un formulaire. Il peut \u00eatre demand\u00e9 aux utilisateurs, le cas \u00e9ch\u00e9ant, leur nom et pr\u00e9nom, leur adresse \u00e9lectronique, leur adresse postale et leurs informations de carte de cr\u00e9dit. Les utilisateurs peuvent toutefois visiter notre site de mani\u00e8re anonyme. Nous collecterons des informations d\u2019identification personnelle aupr\u00e8s des utilisateurs uniquement s\u2019ils nous soumettent volontairement ces informations.<\/p>\n\n\n\n<p>Les utilisateurs peuvent toujours refuser de fournir des informations d\u2019identification personnelle, sauf que cela peut les emp\u00eacher de s\u2019engager dans certaines activit\u00e9s li\u00e9es au site.<\/p>\n\n\n\n<p>Informations d\u2019identification non personnelles<\/p>\n\n\n\n<p>Nous pouvons collecter des informations d\u2019identification non personnelles sur les utilisateurs chaque fois qu\u2019ils interagissent avec notre site. Les informations d\u2019identification non personnelles peuvent inclure le nom du navigateur, le syst\u00e8me d\u2019exploitation, l\u2019heure et date de la visite, la g\u00e9olocalisation (si le client d\u00e9cide de la partager avec nous) et l\u2019adresse IP.<\/p>\n\n\n\n<p>Cookies du navigateur internet<\/p>\n\n\n\n<p>Notre site peut utiliser des \u00ab cookies \u00bb pour am\u00e9liorer l\u2019exp\u00e9rience de navigation. Le navigateur Web de l\u2019utilisateur place des cookies sur son disque dur \u00e0 des fins de tenue de registres et parfois pour suivre les informations les concernant. L\u2019utilisateur peut choisir de configurer son navigateur Web pour refuser les cookies ou pour s\u2019alerter lorsque des cookies sont envoy\u00e9s. Si vous le faites, notez que certaines parties du site peuvent ne pas fonctionner correctement.<\/p>\n\n\n\n<p>Comment nous utilisons les informations collect\u00e9es<\/p>\n\n\n\n<p>DEV-IA peut collecter et utiliser les informations des utilisateurs aux fins suivantes :<br>-Pour r\u00e9pondre plus efficacement aux demandes de service client et \u00e0 des besoins d\u2019assistance.<br>-Pour personnaliser l\u2019exp\u00e9rience utilisateur.<br>Pour performer la s\u00e9curit\u00e9 de notre site.<br>-Pour am\u00e9liorer nos produits et services.<br>-Pour traiter les paiements.<br>-Nous pouvons utiliser l\u2019adresse courriel pour envoyer des informations \u00e0 l\u2019utilisateur et des mises \u00e0 jour relatives \u00e0 sa commande. Nous pouvons aussi leurs envoyer des offres de produit ou service compl\u00e9mentaires.<br>Nous ne partageons pas ces informations avec des tiers, sauf dans la mesure n\u00e9cessaire \u00e0 la fourniture du service ou par des exigences gouvernementales. Si l\u2019utilisateur d\u00e9cide de s\u2019inscrire \u00e0 notre liste de diffusion, il recevra des courriels pouvant inclure des actualit\u00e9s de l\u2019entreprise, des mises \u00e0 jour, des informations sur les produits ou services associ\u00e9s, etc. Si l\u2019utilisateur souhaite se d\u00e9sabonner de la r\u00e9ception de futurs courriels, nous incluons des instructions de d\u00e9sabonnement au bas de chaque courriel.<\/p>\n\n\n\n<p>Comment nous prot\u00e9geons vos informations<\/p>\n\n\n\n<p>Nous adoptons des pratiques appropri\u00e9es de collecte, de stockage et de traitement des donn\u00e9es, ainsi que des mesures de s\u00e9curit\u00e9 pour vous prot\u00e9ger contre l\u2019acc\u00e8s non autoris\u00e9, la modification, la divulgation ou la destruction de vos informations personnelles, nom d\u2019utilisateur, mot de passe, informations de transaction et donn\u00e9es stock\u00e9es sur notre site.<\/p>\n\n\n\n<p>&nbsp;Partager de vos informations personnelles<\/p>\n\n\n\n<p>Nous ne vendons, n\u2019\u00e9changeons, ni ne louons les informations d\u2019identification personnelle des utilisateurs \u00e0 des tiers. Nous pouvons partager des informations avec nos partenaires commerciaux et nos soci\u00e9t\u00e9s affili\u00e9es afin de nous aider \u00e0 exploiter notre entreprise et des activit\u00e9s en notre nom.<\/p>\n\n\n\n<p>Sites web tiers<\/p>\n\n\n\n<p>Les utilisateurs peuvent trouver de la publicit\u00e9 ou d\u2019autres contenus sur notre site qui renvoient vers les sites et services de nos partenaires, fournisseurs, annonceurs, sponsors, conc\u00e9dant de licence et autres tiers. Nous ne contr\u00f4lons pas le contenu ou les liens qui apparaissent sur ces sites et ne sommes pas responsables des pratiques employ\u00e9es par les sites Web li\u00e9s \u00e0 ou depuis notre site. De plus, ces sites ou services, y compris leurs contenus et leurs liens, peuvent \u00e9voluer en permanence. Ces sites et services peuvent avoir leurs propres politiques de confidentialit\u00e9 et politiques de service client. La navigation et l\u2019interaction sur tout autre site Web, y compris les sites Web ayant un lien vers notre Site, sont soumises aux conditions et politiques de ce site Web.<\/p>\n\n\n\n<p>&nbsp;Modifications de cette politique de confidentialit\u00e9<\/p>\n\n\n\n<p>DEV-IA a la discr\u00e9tion de mettre \u00e0 jour cette politique de confidentialit\u00e9 \u00e0 tout moment. Lorsque nous le ferons, nous r\u00e9viserons la date mise \u00e0 jour au bas de cette page. Nous encourageons les utilisateurs \u00e0 consulter fr\u00e9quemment cette page pour conna\u00eetre tout changement afin de rester inform\u00e9s de la mani\u00e8re dont nous contribuons \u00e0 prot\u00e9ger les informations personnelles que nous collectons. Vous reconnaissez et acceptez qu\u2019il est de votre responsabilit\u00e9 de consulter p\u00e9riodiquement cette politique de confidentialit\u00e9 et de prendre connaissance des modifications.<\/p>\n\n\n\n<p>MINEURS<\/p>\n\n\n\n<p>Nous ne collectons pas sciemment d\u2019informations aupr\u00e8s de personnes \u00e2g\u00e9es de moins de dix-huit (18) ans ou de personnes autrement couvertes par les dispositions de la loi de 1998 sur la protection de la vie priv\u00e9e des enfants en ligne, telle que modifi\u00e9e (\u00ab COPPA \u00bb). Aucune information ne doit \u00eatre soumise ou publi\u00e9e sur le site Web par des personnes \u00e2g\u00e9es de moins de dix-huit (18) ans. Nous encourageons les parents et tuteurs \u00e0 passer du temps en ligne avec leurs enfants et \u00e0 participer et surveiller les activit\u00e9s interactives de leurs enfants.<\/p>\n\n\n\n<p>&nbsp;LA VISUALISATION, L\u2019UTILISATION ET\/OU LA COMMUNICATION EST INTERPR\u00c9T\u00c9E COMME UNE ACCEPTATION DES TERMES DE CETTE POLITIQUE DE CONFIDENTIALIT\u00c9.<\/p>\n\n\n\n<p>Informations obtenues par des moyens \u00e9lectroniques et des cookies<\/p>\n\n\n\n<p>Nous utilisons les informations non personnelles que nous collectons pour am\u00e9liorer la conception et le contenu du site Web et pour nous permettre de personnaliser votre exp\u00e9rience Internet. Nous pouvons \u00e9galement utiliser ces informations globalement pour analyser l\u2019utilisation du site Web. Nous nous r\u00e9servons \u00e9galement le droit d\u2019utiliser des donn\u00e9es globales ou group\u00e9es sur nos visiteurs \u00e0 toutes fins licites.<\/p>\n\n\n\n<p>S\u00e9curit\u00e9 des donn\u00e9es<\/p>\n\n\n\n<p>Toutes les informations collect\u00e9es sont stock\u00e9es dans un environnement s\u00e9curis\u00e9 sur le plan technique et physique.<br>Lorsque notre processus d\u2019inscription demande aux utilisateurs de saisir des informations sensibles (comme le num\u00e9ro de carte de cr\u00e9dit), et lorsque nous stockons et transmettons de telles informations sensibles, elles sont crypt\u00e9es et prot\u00e9g\u00e9es par un logiciel de cryptage SSL. Bien que nous utilisions le cryptage SSL pour prot\u00e9ger les informations sensibles en ligne, nous faisons \u00e9galement tout en notre pouvoir pour prot\u00e9ger les informations sensibles et autres informations personnelles hors ligne. Malheureusement, aucune transmission de donn\u00e9es sur Internet, ou autrement, ne peut \u00eatre garantie totalement. En cons\u00e9quence, bien que nous nous effor\u00e7ons de prot\u00e9ger vos informations sensibles et autres informations personnelles, nous ne pouvons pas garantir \u00e0 cent pour cent la s\u00e9curit\u00e9 d\u2019aucune information que vous nous transmettez, et vous le faites \u00e0 vos propres risques.<br>Une fois que nous recevons votre transmission, nous faisons des efforts raisonnables pour assurer sa s\u00e9curit\u00e9 sur nos syst\u00e8mes. L\u2019acc\u00e8s \u00e0 ces informations personnelles est strictement limit\u00e9 et n\u2019est pas accessible au public.<br>Toutes les informations personnelles et sensibles de nos utilisateurs sont stock\u00e9es dans le serveur et dans nos bureaux. Seuls les employ\u00e9s qui ont besoin des informations pour effectuer un travail sp\u00e9cifique ont acc\u00e8s \u00e0 ces informations. Nos employ\u00e9s sont d\u00e9di\u00e9s \u00e0 garantir la s\u00e9curit\u00e9 et la confidentialit\u00e9 de toutes les informations des utilisateurs.<br>Les employ\u00e9s qui ne respectent pas nos politiques \u00e9crites sont passibles de mesures disciplinaires. Conform\u00e9ment aux lois f\u00e9d\u00e9rales et \u00e9tatiques applicables, nous vous notifierons ainsi qu\u2019aux organismes de r\u00e9glementation concern\u00e9s en cas de violation de la s\u00e9curit\u00e9 de l\u2019information concernant vos informations personnelles. Vous serez inform\u00e9s par courrier \u00e9lectronique en cas d\u2019une telle violation. Veuillez noter que la notification peut \u00eatre retard\u00e9e afin de r\u00e9pondre aux besoins des forces de l\u2019ordre, de d\u00e9terminer l\u2019\u00e9tendue des dommages au r\u00e9seau et de prendre des mesures correctives.<\/p>\n\n\n\n<p>Informations sur la conformit\u00e9 au rgpd<\/p>\n\n\n\n<p>RGPD (R\u00e8glement G\u00e9n\u00e9ral sur la Protection des Donn\u00e9es).<br>Nous, ici \u00e0 DEV-IA, respectons les nouvelles exigences sur la fa\u00e7on dont nous traitons les donn\u00e9es personnelles. Nous adoptons ces changements, et nos mises \u00e0 jour de politique refl\u00e8tent la transparence que cette nouvelle loi exige.<br>DEV-IA est conforme au RGPD afin que nos clients puissent utiliser les services partag\u00e9s d\u2019automatisation du marketing en toute simplicit\u00e9.<\/p>\n\n\n\n<p>Chez DEV-IA, nous prenons au s\u00e9rieux la confidentialit\u00e9 des donn\u00e9es et respectons les r\u00e9glementations de confidentialit\u00e9 des donn\u00e9es, et soutenons les organisations qui utilisent des services partag\u00e9s de marketing tout en respectant les exigences de confidentialit\u00e9 des donn\u00e9es dans le monde entier.<\/p>\n\n\n\n<p>Cet avis de politique de confidentialit\u00e9 concerne ce site Web : DEV-IA. Cet avis r\u00e9git la confidentialit\u00e9 de ceux qui l\u2019utilisent. Le but de cette politique est de vous expliquer comment nous contr\u00f4lons, traitons, g\u00e9rons et prot\u00e9geons vos informations personnelles tout en naviguant ou utilisant ce site Web, y compris vos droits en vertu des lois et r\u00e9glementations actuelles. Si vous n\u2019\u00eates pas d\u2019accord avec la politique suivante, vous pouvez choisir de cesser de consulter\/utiliser ce site.<\/p>\n\n\n\n<p>D\u00e9tails des cartes de cr\u00e9dit<\/p>\n\n\n\n<p>dev-ia.com ne garde aucune information concernant les cartes de cr\u00e9dit. \u00c0 des fins de paiement, nous demandons les services de passerelles l\u00e9gitimes les plus utilis\u00e9s dans le march\u00e9 digital.<\/p>\n\n\n\n<p>T\u00e9moins<\/p>\n\n\n\n<p>Afin de vous fournir une meilleure exp\u00e9rience de navigation, nous mettons en place certains t\u00e9moins sur votre appareil qui nous permettent de surveiller la performance et la s\u00e9curit\u00e9 de notre site.<br>Les t\u00e9moins n\u00e9cessaires nous permettent d\u2019identifier : votre pr\u00e9f\u00e9rence de langue, vos param\u00e8tres d\u2019affichage (couleur d\u2019\u00e9cran, th\u00e8me) , votre syst\u00e8me d\u2019exploitation et l\u2019adresse ip de votre appareil. Toute visite sur notre site web est report\u00e9e depuis votre appareil \u00e0 des fins d\u2019\u00e9tudes statistiques.<\/p>\n\n\n\n<p>Les t\u00e9moins de performance nous permettent de collecter la g\u00e9olocalisation de votre appareil si vous d\u00e9cidez de la partager avec nous.Aucune information sensible, personnelle ni confidentielle n\u2019est collect\u00e9e sans votre consentement.<br>La dur\u00e9e de vie des certains t\u00e9moins pourrait \u00eatre jusqu\u2019\u00e0 six mois, mais vous pouvez les supprimer \u00e0 tout moment.<\/p>\n\n\n\n<p>Commentaires<\/p>\n\n\n\n<p>Si vous laissez un commentaire sur notre site, il vous sera propos\u00e9 d\u2019enregistrer votre nom, adresse courriel, nom de votre entreprise ou toute autre information en relation avec vous. Ces t\u00e9moins expirent au bout d\u2019un an. En m\u00eame temps, vous acceptez qu\u2019ils soient affich\u00e9s al\u00e9atoirement sur notre page Web dans la section correspondante. Des textes pourront \u00eatre affich\u00e9s \u00e0 titre d\u2019exemple pour d\u00e9montrer la mani\u00e8re dont nous d\u00e9signons un \u00e9l\u00e9ment pour ce propos sur nos projets, sans besoin d\u2019appartenir \u00e0 aucune cliente.<br>Une cha\u00eene anonyme cr\u00e9\u00e9e \u00e0 partir de votre adresse courriel (\u00e9galement appel\u00e9e \u00ab hash \u00bb) peut \u00eatre envoy\u00e9e au service Gravatar pour v\u00e9rifier si vous utilisez ce dernier. Les politiques de confidentialit\u00e9 du service Gravatar sont disponibles ici :&nbsp;<a href=\"https:\/\/automattic.com\/privacy\/\" target=\"_blank\" rel=\"noreferrer noopener\">https:\/\/automattic.com\/privacy\/<\/a>. Apr\u00e8s validation de votre commentaire, votre photo de profil pourrait \u00eatre visible publiquement \u00e0 c\u00f4t\u00e9 de votre commentaire.<\/p>\n\n\n\n<p>Services API YouTube<\/p>\n\n\n\n<p>Nous pouvons utiliser la plateforme YouTube comme source externe pour visionner nos vid\u00e9os afin de garantir les performances de cette page.<br>Il est n\u00e9cessaire de vous pr\u00e9ciser que lorsque vous regardez une vid\u00e9o sur notre plateforme, le comportement num\u00e9rique est exactement le m\u00eame que si vous regardiez la vid\u00e9o directement sur YouTube. Vous pouvez lire les politiques de s\u00e9curit\u00e9 de YouTube \u00e0 l\u2019adresse :&nbsp;<a href=\"https:\/\/www.youtube.com\/t\/terms\">https:\/\/www.youtube.com\/t\/terms<\/a>.<\/p>\n\n\n\n<p>Avec qui partageons-nous vos donn\u00e9es\u202f?<\/p>\n\n\n\n<p>Les donn\u00e9es collect\u00e9es par DEV-IA sont strictement confidentielles et juste \u00e0 des fins administratives. Sauf exception forc\u00e9e par des caract\u00e8res judiciaires dict\u00e9es par le gouvernement canadien, nous devons collaborer pour l\u2019ex\u00e9cution de la justice.<\/p>\n\n\n\n<p>Pendant combien de temps vos donn\u00e9es sont-elles conserv\u00e9es ?<\/p>\n\n\n\n<p>Si vous laissez un commentaire, le commentaire et ses m\u00e9tadonn\u00e9es sont conserv\u00e9s durant une ann\u00e9e.<br>Pour les utilisateurs qui s\u2019enregistrent sur notre site (si cela est possible), nous conservons \u00e9galement les donn\u00e9es personnelles indiqu\u00e9es dans leur profil. Tous les utilisateurs peuvent voir, modifier ou supprimer leurs informations personnelles \u00e0 tout moment. Les gestionnaires du site peuvent aussi voir et modifier ces informations.<br>Des informations n\u00e9cessaires pour le contr\u00f4le financier relatif au gouvernement du Canada pourront \u00eatre conserv\u00e9es selon les lois canadiennes.<\/p>\n\n\n\n<p>Quels sont vos droits sur vos donn\u00e9es ?<\/p>\n\n\n\n<p>Si vous avez un compte ou si vous avez laiss\u00e9 des commentaires sur ce site, vous pouvez demander \u00e0 recevoir un fichier contenant toutes les donn\u00e9es personnelles que nous poss\u00e9dons \u00e0 votre sujet, incluant celles que vous nous avez fournies. Vous pouvez aussi demander la suppression des donn\u00e9es personnelles vous concernant. Ceci ne prend pas en compte les donn\u00e9es conserv\u00e9es \u00e0 des fins administratives, l\u00e9gales ou pour des raisons de s\u00e9curit\u00e9.<\/p>\n\n\n\n<p>O\u00f9 vos donn\u00e9es sont envoy\u00e9es ?<\/p>\n\n\n\n<p>Les commentaires des visiteurs peuvent \u00eatre v\u00e9rifi\u00e9s \u00e0 l\u2019aide d\u2019un service automatis\u00e9 de d\u00e9tection des commentaires ind\u00e9sirables.<\/p>\n\n\n\n<p>Votre acceptation de ces conditions<\/p>\n\n\n\n<p>En utilisant ce site, vous signifiez votre acceptation de ces&nbsp;conditions d\u2019utilisation, politiques de s\u00e9curit\u00e9 et avis de non-responsabilit\u00e9. Si vous n\u2019acceptez pas ces politiques, veuillez ne pas utiliser notre site.<\/p>\n\n\n\n<p>29 Septembre 2025<\/p>\n","protected":false},"excerpt":{"rendered":"<p>Politiques de confidentialit\u00e9 Nous respectons la vie priv\u00e9e de chaque personne et ne collectons aucune donn\u00e9e personnelle sans votre consentement explicite. Si vous choisissez de nous contacter, il est possible que vous receviez des courriels de notre part, soit pour r\u00e9pondre \u00e0 vos demandes, soit pour vous informer de nos offres sp\u00e9ciales. Vous restez toutefois [&hellip;]<\/p>\n","protected":false},"author":1,"featured_media":0,"parent":0,"menu_order":0,"comment_status":"closed","ping_status":"closed","template":"","meta":{"footnotes":""},"class_list":["post-14","page","type-page","status-publish","hentry"],"blocksy_meta":[],"_links":{"self":[{"href":"https:\/\/boutiquesqc.ca\/dev-ia\/wp-json\/wp\/v2\/pages\/14","targetHints":{"allow":["GET"]}}],"collection":[{"href":"https:\/\/boutiquesqc.ca\/dev-ia\/wp-json\/wp\/v2\/pages"}],"about":[{"href":"https:\/\/boutiquesqc.ca\/dev-ia\/wp-json\/wp\/v2\/types\/page"}],"author":[{"embeddable":true,"href":"https:\/\/boutiquesqc.ca\/dev-ia\/wp-json\/wp\/v2\/users\/1"}],"replies":[{"embeddable":true,"href":"https:\/\/boutiquesqc.ca\/dev-ia\/wp-json\/wp\/v2\/comments?post=14"}],"version-history":[{"count":0,"href":"https:\/\/boutiquesqc.ca\/dev-ia\/wp-json\/wp\/v2\/pages\/14\/revisions"}],"wp:attachment":[{"href":"https:\/\/boutiquesqc.ca\/dev-ia\/wp-json\/wp\/v2\/media?parent=14"}],"curies":[{"name":"wp","href":"https:\/\/api.w.org\/{rel}","templated":true}]}}