{"id":34,"date":"2026-03-10T05:00:22","date_gmt":"2026-03-10T04:00:22","guid":{"rendered":"https:\/\/boutiquesqc.ca\/dev-ia\/?page_id=34"},"modified":"2026-03-12T19:25:39","modified_gmt":"2026-03-12T23:25:39","slug":"estyles","status":"publish","type":"page","link":"https:\/\/boutiquesqc.ca\/dev-ia\/estyles\/","title":{"rendered":"ESTYLES"},"content":{"rendered":"\n<div class=\"wp-block-columns has-white-background-color has-background is-layout-flex wp-container-core-columns-is-layout-28f84493 wp-block-columns-is-layout-flex\">\n<div class=\"wp-block-column is-layout-flow wp-block-column-is-layout-flow\">\n<div class=\"wp-block-cover aligncenter is-light\"><img decoding=\"async\" width=\"1024\" height=\"565\" class=\"wp-block-cover__image-background wp-image-569\" alt=\"artificial-intelligence-background\" src=\"https:\/\/boutiquesqc.ca\/dev-ia\/wp-content\/uploads\/sites\/3\/2026\/03\/artificial-intelligence-background-1024x565.png\" data-object-fit=\"cover\" srcset=\"https:\/\/boutiquesqc.ca\/dev-ia\/wp-content\/uploads\/sites\/3\/2026\/03\/artificial-intelligence-background-1024x565.png 1024w, https:\/\/boutiquesqc.ca\/dev-ia\/wp-content\/uploads\/sites\/3\/2026\/03\/artificial-intelligence-background-300x166.png 300w, https:\/\/boutiquesqc.ca\/dev-ia\/wp-content\/uploads\/sites\/3\/2026\/03\/artificial-intelligence-background-768x424.png 768w, https:\/\/boutiquesqc.ca\/dev-ia\/wp-content\/uploads\/sites\/3\/2026\/03\/artificial-intelligence-background-1536x848.png 1536w, https:\/\/boutiquesqc.ca\/dev-ia\/wp-content\/uploads\/sites\/3\/2026\/03\/artificial-intelligence-background.png 1600w\" sizes=\"(max-width: 1024px) 100vw, 1024px\" \/><span aria-hidden=\"true\" class=\"wp-block-cover__background has-background-dim-0 has-background-dim\"><\/span><div class=\"wp-block-cover__inner-container is-layout-flow wp-block-cover-is-layout-flow\">\n<p class=\"has-text-align-center easystylesuite-sld-right has-luminous-vivid-amber-color has-text-color has-link-color wp-elements-0f3a4e7e08429eb68cedcdab33ea6651\" style=\"margin-top:100px;margin-bottom:0px;font-size:clamp(20.515px, 1.282rem + ((1vw - 3.2px) * 0.975), 33px);\"><strong>Animations pour WordPress<\/strong><\/p>\n\n\n\n<p class=\"has-text-align-center easystylesuite-sld-left has-palette-color-1-color has-text-color has-link-color wp-elements-e4f25bfb88341a54d9d05007f8abbfb1\" style=\"margin-top:0px;margin-bottom:16px;font-size:clamp(22.544px, 1.409rem + ((1vw - 3.2px) * 1.129), 37px);\"><strong>EASYSTYLESUITE<\/strong><\/p>\n\n\n\n<div class=\"wp-block-buttons is-content-justification-center is-layout-flex wp-container-core-buttons-is-layout-a89b3969 wp-block-buttons-is-layout-flex\">\n<div class=\"wp-block-button is-style-fill\"><a class=\"wp-block-button__link has-background has-text-align-center has-custom-font-size wp-element-button\" href=\"https:\/\/wordpress.org\/plugins\/easystylesuite\/\" style=\"border-top-left-radius:35px;border-top-right-radius:35px;border-bottom-left-radius:35px;border-bottom-right-radius:35px;background:linear-gradient(148deg,rgb(255,252,252) 2%,rgb(33,141,242) 32%,rgb(152,25,224) 100%);padding-top:8px;padding-bottom:8px;font-size:clamp(15.747px, 0.984rem + ((1vw - 3.2px) * 0.645), 24px);\">T\u00c9L\u00c9CHARGER<\/a><\/div>\n<\/div>\n<\/div><\/div>\n<\/div>\n<\/div>\n\n\n\n<p class=\"has-text-align-center has-text-color has-link-color wp-elements-c36a0f978e6a46931a0944be15564d4d\" style=\"color:#f8970e;margin-top:2px;margin-right:8px;margin-bottom:2px;margin-left:8px;font-size:clamp(22.041px, 1.378rem + ((1vw - 3.2px) * 1.091), 36px);\">D\u00e9couvrez les avantages<\/p>\n\n\n\n<p class=\"has-text-align-center has-palette-color-5-color has-text-color has-link-color wp-elements-fd1bc9d8013ff838bade0f2aed82f496\" style=\"margin-top:28px;margin-right:8px;margin-bottom:28px;margin-left:8px;font-size:clamp(14px, 0.875rem + ((1vw - 3.2px) * 0.078), 15px);\">L\u2019extension gratuite la plus simple pour animer des \u00e9l\u00e9ments sur vos sites WordPress. Aucune configuration requise.<\/p>\n\n\n\n<div class=\"wp-block-columns is-layout-flex wp-container-core-columns-is-layout-28f84493 wp-block-columns-is-layout-flex\">\n<div class=\"wp-block-column is-layout-flow wp-block-column-is-layout-flow\">\n<figure class=\"wp-block-image aligncenter size-full is-resized\"><img decoding=\"async\" width=\"248\" height=\"248\" src=\"https:\/\/boutiquesqc.ca\/dev-ia\/wp-content\/uploads\/sites\/3\/2026\/03\/artificial-intelligence-icon-05@2x.png\" alt=\"artificial-intelligence-icon\" class=\"wp-image-574\" style=\"width:auto;height:200px\" srcset=\"https:\/\/boutiquesqc.ca\/dev-ia\/wp-content\/uploads\/sites\/3\/2026\/03\/artificial-intelligence-icon-05@2x.png 248w, https:\/\/boutiquesqc.ca\/dev-ia\/wp-content\/uploads\/sites\/3\/2026\/03\/artificial-intelligence-icon-05@2x-150x150.png 150w\" sizes=\"(max-width: 248px) 100vw, 248px\" \/><\/figure>\n\n\n\n<p class=\"has-text-align-center has-text-color\" style=\"color:#28c1fa;margin-top:0px;margin-right:8px;margin-bottom:0px;margin-left:8px;font-size:clamp(15.747px, 0.984rem + ((1vw - 3.2px) * 0.645), 24px);\"><strong>Facile \u00e0 utiliser<\/strong><\/p>\n\n\n\n<p class=\"has-palette-color-6-color has-text-color has-link-color wp-elements-00ae9873cccaba60fc387a3b29a334fb\" style=\"margin-top:8px;margin-right:8px;margin-bottom:8px;margin-left:8px\">Aucune connaissance technique n\u2019est n\u00e9cessaire. Animez vos \u00e9l\u00e9ments litt\u00e9ralement en deux clics. Copiez-collez.<\/p>\n<\/div>\n\n\n\n<div class=\"wp-block-column is-layout-flow wp-block-column-is-layout-flow\">\n<figure class=\"wp-block-image aligncenter size-full is-resized\"><img decoding=\"async\" width=\"248\" height=\"248\" src=\"https:\/\/boutiquesqc.ca\/dev-ia\/wp-content\/uploads\/sites\/3\/2026\/03\/artificial-intelligence-icon-06@2x.png\" alt=\"artificial-intelligence-icon\" class=\"wp-image-577\" style=\"width:auto;height:200px\" srcset=\"https:\/\/boutiquesqc.ca\/dev-ia\/wp-content\/uploads\/sites\/3\/2026\/03\/artificial-intelligence-icon-06@2x.png 248w, https:\/\/boutiquesqc.ca\/dev-ia\/wp-content\/uploads\/sites\/3\/2026\/03\/artificial-intelligence-icon-06@2x-150x150.png 150w\" sizes=\"(max-width: 248px) 100vw, 248px\" \/><\/figure>\n\n\n\n<p class=\"has-text-align-center has-palette-color-6-color has-text-color has-link-color wp-elements-f2ea59ac2f78b4cab770ea3f07c632d7\" style=\"margin-top:0px;margin-right:8px;margin-bottom:0px;margin-left:8px;font-size:clamp(15.747px, 0.984rem + ((1vw - 3.2px) * 0.645), 24px);\"><strong>Multi th\u00e8mes<\/strong><\/p>\n\n\n\n<p class=\"has-palette-color-6-color has-text-color has-link-color wp-elements-b181f8b4a330916082e442e7f7df7cec\" style=\"margin-top:0px;margin-right:8px;margin-bottom:8px;margin-left:8px\">Compatible avec tous les th\u00e8mes, extensions, domaines et sous-domaines.<\/p>\n<\/div>\n<\/div>\n\n\n\n<div class=\"wp-block-columns is-layout-flex wp-container-core-columns-is-layout-28f84493 wp-block-columns-is-layout-flex\">\n<div class=\"wp-block-column is-layout-flow wp-block-column-is-layout-flow\">\n<figure class=\"wp-block-image aligncenter size-full is-resized\"><img decoding=\"async\" width=\"248\" height=\"248\" src=\"https:\/\/boutiquesqc.ca\/dev-ia\/wp-content\/uploads\/sites\/3\/2026\/03\/artificial-intelligence-icon-07@2x.png\" alt=\"artificial-intelligence-icon\" class=\"wp-image-576\" style=\"width:auto;height:200px\" srcset=\"https:\/\/boutiquesqc.ca\/dev-ia\/wp-content\/uploads\/sites\/3\/2026\/03\/artificial-intelligence-icon-07@2x.png 248w, https:\/\/boutiquesqc.ca\/dev-ia\/wp-content\/uploads\/sites\/3\/2026\/03\/artificial-intelligence-icon-07@2x-150x150.png 150w\" sizes=\"(max-width: 248px) 100vw, 248px\" \/><\/figure>\n\n\n\n<p class=\"has-text-align-center has-text-color\" style=\"color:#28c1fa;margin-top:0px;margin-right:8px;margin-bottom:0px;margin-left:8px;font-size:clamp(15.747px, 0.984rem + ((1vw - 3.2px) * 0.645), 24px);\"><strong>Adaptabilit\u00e9<\/strong><\/p>\n\n\n\n<p class=\"has-palette-color-6-color has-text-color has-link-color wp-elements-5a27ac9329c49b87c7e78daa7bef1a2f\" style=\"margin-top:8px;margin-right:8px;margin-bottom:8px;margin-left:8px\">Applicable \u00e0 toutes les tailles d\u2019\u00e9cran&nbsp;: ordinateurs, tablettes et t\u00e9l\u00e9phones portables.<\/p>\n\n\n\n<div class=\"wp-block-columns is-layout-flex wp-container-core-columns-is-layout-28f84493 wp-block-columns-is-layout-flex\">\n<div class=\"wp-block-column is-layout-flow wp-block-column-is-layout-flow\"><\/div>\n<\/div>\n<\/div>\n\n\n\n<div class=\"wp-block-column is-layout-flow wp-block-column-is-layout-flow\">\n<figure class=\"wp-block-image aligncenter size-full is-resized\"><img decoding=\"async\" width=\"248\" height=\"248\" src=\"https:\/\/boutiquesqc.ca\/dev-ia\/wp-content\/uploads\/sites\/3\/2026\/03\/artificial-intelligence-icon-08@2x.png\" alt=\"artificial-intelligence-icon\" class=\"wp-image-575\" style=\"width:auto;height:200px\" srcset=\"https:\/\/boutiquesqc.ca\/dev-ia\/wp-content\/uploads\/sites\/3\/2026\/03\/artificial-intelligence-icon-08@2x.png 248w, https:\/\/boutiquesqc.ca\/dev-ia\/wp-content\/uploads\/sites\/3\/2026\/03\/artificial-intelligence-icon-08@2x-150x150.png 150w\" sizes=\"(max-width: 248px) 100vw, 248px\" \/><\/figure>\n\n\n\n<p class=\"has-text-align-center has-palette-color-6-color has-text-color has-link-color wp-elements-ec0f2a61d80c959e3460de52aedbb612\" style=\"margin-top:0px;margin-right:8px;margin-bottom:0px;margin-left:8px;font-size:clamp(15.747px, 0.984rem + ((1vw - 3.2px) * 0.645), 24px);\"><strong>Performance<\/strong><\/p>\n\n\n\n<p class=\"has-palette-color-6-color has-text-color has-link-color wp-elements-f0450fcd254c3d43106abf91a810aed1\" style=\"margin-top:0px;margin-right:8px;margin-bottom:8px;margin-left:8px\">Il s\u2019agit d\u2019une application tr\u00e8s l\u00e9g\u00e8re et s\u00e9curitaire, ce qui contribue \u00e0 la vitesse et la&nbsp; performance de votre site Web.<\/p>\n<\/div>\n<\/div>\n\n\n\n<div class=\"wp-block-columns has-palette-color-7-background-color has-background is-layout-flex wp-container-core-columns-is-layout-28f84493 wp-block-columns-is-layout-flex\" style=\"border-style:none;border-width:0px\">\n<div class=\"wp-block-column is-layout-flow wp-block-column-is-layout-flow\">\n<p class=\"has-text-align-center has-palette-color-3-color has-text-color has-link-color has-large-font-size wp-elements-02a8b1200d83215ccaa4ae86543cb8dd\"><strong>Comment \u00e7a marche?<\/strong><\/p>\n\n\n\n<figure class=\"wp-block-image aligncenter size-full\"><img decoding=\"async\" width=\"760\" height=\"800\" src=\"https:\/\/boutiquesqc.ca\/dev-ia\/wp-content\/uploads\/sites\/3\/2026\/03\/style-animator.jpg\" alt=\"style-animator\" class=\"wp-image-583\" srcset=\"https:\/\/boutiquesqc.ca\/dev-ia\/wp-content\/uploads\/sites\/3\/2026\/03\/style-animator.jpg 760w, https:\/\/boutiquesqc.ca\/dev-ia\/wp-content\/uploads\/sites\/3\/2026\/03\/style-animator-285x300.jpg 285w\" sizes=\"(max-width: 760px) 100vw, 760px\" \/><\/figure>\n\n\n\n<p class=\"has-text-align-center has-text-color has-link-color wp-elements-6a3e7e25a14936579bb54146f7729ab1\" style=\"color:#3dbdae;font-size:clamp(14px, 0.875rem + ((1vw - 3.2px) * 0.469), 20px);\"><strong>Sauvegardez les modifications apport\u00e9es \u00e0 votre page.<\/strong><\/p>\n\n\n\n<p class=\"has-text-align-center has-text-color has-link-color wp-elements-4d04b2a1422ec30dcccb5d265729d28d\" style=\"color:#007cd1;font-size:clamp(14px, 0.875rem + ((1vw - 3.2px) * 0.469), 20px);\"><strong><strong>Votre \u00e9l\u00e9ment ressemblera \u00e0 ceci<\/strong><\/strong><\/p>\n\n\n\n<figure class=\"wp-block-image aligncenter size-large\"><img decoding=\"async\" width=\"1024\" height=\"512\" src=\"https:\/\/boutiquesqc.ca\/dev-ia\/wp-content\/uploads\/sites\/3\/2026\/03\/animation-wordpress-1024x512.jpg\" alt=\"style-animator\" class=\"wp-image-584\" srcset=\"https:\/\/boutiquesqc.ca\/dev-ia\/wp-content\/uploads\/sites\/3\/2026\/03\/animation-wordpress-1024x512.jpg 1024w, https:\/\/boutiquesqc.ca\/dev-ia\/wp-content\/uploads\/sites\/3\/2026\/03\/animation-wordpress-300x150.jpg 300w, https:\/\/boutiquesqc.ca\/dev-ia\/wp-content\/uploads\/sites\/3\/2026\/03\/animation-wordpress-768x384.jpg 768w, https:\/\/boutiquesqc.ca\/dev-ia\/wp-content\/uploads\/sites\/3\/2026\/03\/animation-wordpress.jpg 1200w\" sizes=\"(max-width: 1024px) 100vw, 1024px\" \/><\/figure>\n<\/div>\n<\/div>\n\n\n\n<div class=\"wp-block-columns dvia-styles-info has-palette-color-8-background-color has-background is-layout-flex wp-container-core-columns-is-layout-baf45b60 wp-block-columns-is-layout-flex\" style=\"margin-top:-24px\">\n<div class=\"wp-block-column dvia-styles-info-inner is-layout-flow wp-block-column-is-layout-flow\">\n<div class=\"wp-block-columns dvia-styles is-layout-flex wp-container-core-columns-is-layout-28f84493 wp-block-columns-is-layout-flex\">\n<div class=\"wp-block-column is-vertically-aligned-center is-layout-flow wp-block-column-is-layout-flow\">\n<div class=\"wp-block-columns easystylesuite-box-shadow has-border-color is-layout-flex wp-container-core-columns-is-layout-28f84493 wp-block-columns-is-layout-flex\" style=\"border-color:var(--theme-palette-color-3, #3A4F66);border-width:1px;border-top-left-radius:10px;border-top-right-radius:10px;border-bottom-left-radius:10px;border-bottom-right-radius:10px\">\n<div class=\"wp-block-column is-vertically-aligned-center is-layout-flow wp-block-column-is-layout-flow\">\n<p class=\"has-text-align-center has-text-color\" style=\"color:#ecb725;margin-top:6px;margin-right:8px;margin-bottom:6px;margin-left:8px;font-size:clamp(15.747px, 0.984rem + ((1vw - 3.2px) * 0.645), 24px);\"><strong>Animations au survol d\u2019un \u00e9l\u00e9ment:<\/strong><\/p>\n<\/div>\n\n\n\n<div class=\"wp-block-column is-vertically-aligned-center is-layout-flow wp-block-column-is-layout-flow\" style=\"border-style:none;border-width:0px\">\n<p class=\"has-border-color\" style=\"border-color:#fcb900;border-width:1px;border-top-left-radius:8px;border-top-right-radius:8px;border-bottom-left-radius:8px;border-bottom-right-radius:8px;margin-top:6px;margin-right:8px;margin-bottom:6px;margin-left:8px;padding-top:6px;padding-right:10px;padding-bottom:6px;padding-left:10px\">.Smooth scale on mouse:<br>Augmenter la taille d\u2019un texte de 20 %.<br>.Smooth image scale on mouse:<br>Augmenter la taille d\u2019une image de 20 %<br>.Smooth slide up on mouse:<br>D\u00e9placer un \u00e9l\u00e9ment de 10 pixels vers le haut. Soit une image ou un texte.<br>.Opacity 50% on mouse:<br>Cr\u00e9er une opacit\u00e9 de 50 %.<\/p>\n<\/div>\n<\/div>\n<\/div>\n<\/div>\n\n\n\n<div class=\"wp-block-columns dvia-styles is-layout-flex wp-container-core-columns-is-layout-28f84493 wp-block-columns-is-layout-flex\">\n<div class=\"wp-block-column is-vertically-aligned-center is-layout-flow wp-block-column-is-layout-flow\">\n<div class=\"wp-block-columns easystylesuite-box-shadow has-border-color is-layout-flex wp-container-core-columns-is-layout-28f84493 wp-block-columns-is-layout-flex\" style=\"border-color:var(--theme-palette-color-3, #3A4F66);border-width:1px;border-top-left-radius:10px;border-top-right-radius:10px;border-bottom-left-radius:10px;border-bottom-right-radius:10px\">\n<div class=\"wp-block-column is-vertically-aligned-center is-layout-flow wp-block-column-is-layout-flow\">\n<p class=\"has-text-align-center has-text-color\" style=\"color:#ecb725;margin-top:6px;margin-right:8px;margin-bottom:6px;margin-left:8px;font-size:clamp(15.747px, 0.984rem + ((1vw - 3.2px) * 0.645), 24px);\"><strong><strong>Les animations suivantes ont \u00e9t\u00e9 sp\u00e9cialement con\u00e7ues pour les \u00e9l\u00e9ments visibles au chargement, elles produisent des effets attrayants dans le moment qu\u2019un visiteur ouvre le site.<\/strong><\/strong><\/p>\n<\/div>\n\n\n\n<div class=\"wp-block-column is-vertically-aligned-center is-layout-flow wp-block-column-is-layout-flow\" style=\"border-style:none;border-width:0px\">\n<p class=\"has-border-color\" style=\"border-color:#fcb900;border-width:1px;border-top-left-radius:8px;border-top-right-radius:8px;border-bottom-left-radius:8px;border-bottom-right-radius:8px;margin-top:6px;margin-right:8px;margin-bottom:6px;margin-left:8px;padding-top:6px;padding-right:10px;padding-bottom:6px;padding-left:10px\">.Smooth slide up:<br>D\u00e9placer un \u00e9l\u00e9ment de 100 pixels vers le haut. Soit une image ou un texte, produisant un petit effet rebond<br>.Smooth slide right:<br>D\u00e9placer un \u00e9l\u00e9ment de 40 pixels vers le droit. Soit une image ou un texte, produisant un petit effet rebond.<br>.Smooth slide left:<br>D\u00e9placer un \u00e9l\u00e9ment de 40 pixels vers la gauche. Soit une image ou un texte, produisant un petit effet rebond<\/p>\n<\/div>\n<\/div>\n<\/div>\n<\/div>\n\n\n\n<div class=\"wp-block-columns dvia-styles easystylesuite-box-shadow has-border-color is-layout-flex wp-container-core-columns-is-layout-28f84493 wp-block-columns-is-layout-flex\" style=\"border-color:var(--theme-palette-color-3, #3A4F66);border-width:1px;border-top-left-radius:10px;border-top-right-radius:10px;border-bottom-left-radius:10px;border-bottom-right-radius:10px\">\n<div class=\"wp-block-column is-layout-flow wp-block-column-is-layout-flow\">\n<p class=\"has-text-align-center has-text-color\" style=\"color:#ecb725;margin-top:44px;margin-right:10px;margin-bottom:44px;margin-left:10px;font-size:clamp(14.642px, 0.915rem + ((1vw - 3.2px) * 0.575), 22px);\"><strong>Diverses animations.<\/strong><\/p>\n\n\n\n<p class=\"dvia-styles-round-p has-border-color\" style=\"border-color:#fcb900;border-width:1px;border-top-left-radius:10px;border-top-right-radius:10px;border-bottom-left-radius:10px;border-bottom-right-radius:10px;margin-top:6px;margin-right:8px;margin-bottom:6px;margin-left:8px;padding-top:6px;padding-right:8px;padding-bottom:6px;padding-left:8px\">.Box shadow:<br>Cr\u00e9e un effet d\u2019ombre sur un \u00e9l\u00e9ment, le mettant en \u00e9vidence au survol. Parfait pour les balises contenant des images et du texte.<br>.Display on desktop:<br>Affiche un \u00e9l\u00e9ment uniquement sur les ordinateurs.<br>.Display on mobile:<br>Affiche un \u00e9l\u00e9ment uniquement sur les tablettes et les t\u00e9l\u00e9phones cellulaires.<br>Supprime la marge inf\u00e9rieure entre un texte et l\u2019\u00e9l\u00e9ment suivant en dessous.<\/p>\n<\/div>\n<\/div>\n\n\n\n<div class=\"wp-block-columns dvia-styles easystylesuite-box-shadow has-border-color is-layout-flex wp-container-core-columns-is-layout-28f84493 wp-block-columns-is-layout-flex\" style=\"border-color:var(--theme-palette-color-3, #3A4F66);border-width:1px;border-top-left-radius:10px;border-top-right-radius:10px;border-bottom-left-radius:10px;border-bottom-right-radius:10px\">\n<div class=\"wp-block-column is-layout-flow wp-block-column-is-layout-flow\">\n<p class=\"has-text-align-center has-text-color\" style=\"color:#ecb725;margin-top:44px;margin-right:10px;margin-bottom:44px;margin-left:10px;font-size:clamp(14.642px, 0.915rem + ((1vw - 3.2px) * 0.575), 22px);\"><strong>Une valeur ajout\u00e9e pour votre site<\/strong><\/p>\n\n\n\n<p class=\"dvia-styles-round-p has-border-color\" style=\"border-color:#fcb900;border-width:1px;border-top-left-radius:10px;border-top-right-radius:10px;border-bottom-left-radius:10px;border-bottom-right-radius:10px;margin-top:6px;margin-right:8px;margin-bottom:6px;margin-left:8px;padding-top:6px;padding-right:8px;padding-bottom:6px;padding-left:8px\">Avec cette extension, vous disposez de tout ce qu\u2019il faut pour donner un style \u00e9l\u00e9gant et agr\u00e9able \u00e0 votre site. Les animations et effets sont pens\u00e9s pour enrichir l\u2019exp\u00e9rience visuelle, tout en respectant les personnes qui pr\u00e9f\u00e8rent r\u00e9duire les mouvements dans leurs r\u00e9glages. Chaque d\u00e9tail a \u00e9t\u00e9 con\u00e7u pour rendre vos pages modernes, fluides et accessibles \u00e0 tous. Et ce n\u2019est qu\u2019un d\u00e9but : nous am\u00e9liorons constamment nos extensions afin de vous offrir encore plus d\u2019options et de b\u00e9n\u00e9fices dans le futur.<\/p>\n\n\n\n<div class=\"wp-block-buttons is-content-justification-center is-layout-flex wp-container-core-buttons-is-layout-ebbc022b wp-block-buttons-is-layout-flex\" style=\"margin-top:60px;margin-bottom:60px\">\n<div class=\"wp-block-button is-style-fill easystylesuite-box-shadow\"><a class=\"wp-block-button__link has-background has-text-align-center has-custom-font-size wp-element-button\" href=\"https:\/\/wordpress.org\/plugins\/easystylesuite\/\" style=\"border-top-left-radius:35px;border-top-right-radius:35px;border-bottom-left-radius:35px;border-bottom-right-radius:35px;background:linear-gradient(148deg,rgb(255,252,252) 2%,rgb(33,141,242) 32%,rgb(152,25,224) 100%);padding-top:8px;padding-bottom:8px;font-size:clamp(15.747px, 0.984rem + ((1vw - 3.2px) * 0.645), 24px);\">INSTALLER<\/a><\/div>\n<\/div>\n<\/div>\n<\/div>\n<\/div>\n<\/div>\n","protected":false},"excerpt":{"rendered":"<p>D\u00e9couvrez les avantages L\u2019extension gratuite la plus simple pour animer des \u00e9l\u00e9ments sur vos sites WordPress. Aucune configuration requise. Facile \u00e0 utiliser Aucune connaissance technique n\u2019est n\u00e9cessaire. Animez vos \u00e9l\u00e9ments litt\u00e9ralement en deux clics. Copiez-collez. Multi th\u00e8mes Compatible avec tous les th\u00e8mes, extensions, domaines et sous-domaines. Adaptabilit\u00e9 Applicable \u00e0 toutes les tailles d\u2019\u00e9cran&nbsp;: ordinateurs, tablettes [&hellip;]<\/p>\n","protected":false},"author":1,"featured_media":0,"parent":0,"menu_order":0,"comment_status":"closed","ping_status":"closed","template":"","meta":{"footnotes":""},"class_list":["post-34","page","type-page","status-publish","hentry"],"blocksy_meta":[],"_links":{"self":[{"href":"https:\/\/boutiquesqc.ca\/dev-ia\/wp-json\/wp\/v2\/pages\/34","targetHints":{"allow":["GET"]}}],"collection":[{"href":"https:\/\/boutiquesqc.ca\/dev-ia\/wp-json\/wp\/v2\/pages"}],"about":[{"href":"https:\/\/boutiquesqc.ca\/dev-ia\/wp-json\/wp\/v2\/types\/page"}],"author":[{"embeddable":true,"href":"https:\/\/boutiquesqc.ca\/dev-ia\/wp-json\/wp\/v2\/users\/1"}],"replies":[{"embeddable":true,"href":"https:\/\/boutiquesqc.ca\/dev-ia\/wp-json\/wp\/v2\/comments?post=34"}],"version-history":[{"count":0,"href":"https:\/\/boutiquesqc.ca\/dev-ia\/wp-json\/wp\/v2\/pages\/34\/revisions"}],"wp:attachment":[{"href":"https:\/\/boutiquesqc.ca\/dev-ia\/wp-json\/wp\/v2\/media?parent=34"}],"curies":[{"name":"wp","href":"https:\/\/api.w.org\/{rel}","templated":true}]}}