{"id":38,"date":"2026-03-10T05:00:44","date_gmt":"2026-03-10T04:00:44","guid":{"rendered":"https:\/\/boutiquesqc.ca\/dev-ia\/?page_id=38"},"modified":"2026-03-12T19:51:36","modified_gmt":"2026-03-12T23:51:36","slug":"childmaker-ai","status":"publish","type":"page","link":"https:\/\/boutiquesqc.ca\/dev-ia\/childmaker-ai\/","title":{"rendered":"CHILDMAKER-AI"},"content":{"rendered":"\n<div class=\"wp-block-columns is-layout-flex wp-container-core-columns-is-layout-28f84493 wp-block-columns-is-layout-flex\">\n<div class=\"wp-block-column has-palette-color-1-background-color has-background is-layout-flow wp-block-column-is-layout-flow\">\n<div class=\"wp-block-columns is-layout-flex wp-container-core-columns-is-layout-060200b6 wp-block-columns-is-layout-flex\" style=\"margin-top:0px;margin-bottom:0px;padding-top:28px;padding-right:18px;padding-bottom:32px;padding-left:18px\">\n<div class=\"wp-block-column is-layout-flow wp-block-column-is-layout-flow\">\n<figure class=\"wp-block-image alignright size-full is-resized easystylesuite-sld-left is-style-default\" style=\"margin-right:65px;margin-left:65px\"><img decoding=\"async\" width=\"500\" height=\"500\" src=\"https:\/\/boutiquesqc.ca\/dev-ia\/wp-content\/uploads\/sites\/3\/2026\/03\/web-advertising-2.png\" alt=\"web-advertising\" class=\"wp-image-658\" style=\"width:216px;height:auto\" srcset=\"https:\/\/boutiquesqc.ca\/dev-ia\/wp-content\/uploads\/sites\/3\/2026\/03\/web-advertising-2.png 500w, https:\/\/boutiquesqc.ca\/dev-ia\/wp-content\/uploads\/sites\/3\/2026\/03\/web-advertising-2-300x300.png 300w, https:\/\/boutiquesqc.ca\/dev-ia\/wp-content\/uploads\/sites\/3\/2026\/03\/web-advertising-2-150x150.png 150w\" sizes=\"(max-width: 500px) 100vw, 500px\" \/><\/figure>\n<\/div>\n<\/div>\n\n\n\n<p class=\"has-text-align-center has-palette-color-6-background-color has-background\" style=\"border-top-left-radius:61px;border-top-right-radius:61px;border-bottom-left-radius:61px;border-bottom-right-radius:61px;margin-top:0px;margin-right:var(--wp--preset--spacing--50);margin-bottom:29px;margin-left:var(--wp--preset--spacing--50)\">Il s\u2019agit d\u2019une extension l\u00e9g\u00e8re et minimaliste. Libre d\u2019annonces et de distractions. Vos commentaires sont les bienvenus\u2009; ils nous aideront \u00e0 am\u00e9liorer notre travail. Bon succ\u00e8s\u2009! Pour mieux comprendre comment l\u2019extension fonctionne, visitez :&nbsp;<a href=\"https:\/\/youtu.be\/6Wp9jXIj0SE\">youtube.com<\/a><\/p>\n\n\n\n<div class=\"wp-block-buttons is-content-justification-center is-layout-flex wp-container-core-buttons-is-layout-31507981 wp-block-buttons-is-layout-flex\" style=\"border-top-left-radius:0px;border-top-right-radius:0px;border-bottom-left-radius:0px;border-bottom-right-radius:0px;margin-top:40px;margin-bottom:0px\">\n<div class=\"wp-block-button\"><a class=\"wp-block-button__link has-background has-text-align-center has-custom-font-size wp-element-button\" href=\"https:\/\/fr-ca.wordpress.org\/plugins\/childmaker-ai\/\" style=\"border-top-left-radius:30px;border-top-right-radius:30px;border-bottom-left-radius:30px;border-bottom-right-radius:30px;background-color:#f94343;padding-top:0px;padding-bottom:0px;font-size:clamp(18.959px, 1.185rem + ((1vw - 3.2px) * 0.863), 30px);\"><strong>T\u00c9L\u00c9CHARGER<\/strong><\/a><\/div>\n<\/div>\n\n\n\n<figure class=\"wp-block-image aligncenter size-large is-resized\" style=\"margin-top:0px\"><img decoding=\"async\" width=\"1024\" height=\"541\" src=\"https:\/\/boutiquesqc.ca\/dev-ia\/wp-content\/uploads\/sites\/3\/2026\/03\/software-img-07-1-1024x541.png\" alt=\"software-img-\" class=\"wp-image-660\" style=\"aspect-ratio:1.8928146089718143;width:721px;height:auto\" srcset=\"https:\/\/boutiquesqc.ca\/dev-ia\/wp-content\/uploads\/sites\/3\/2026\/03\/software-img-07-1-1024x541.png 1024w, https:\/\/boutiquesqc.ca\/dev-ia\/wp-content\/uploads\/sites\/3\/2026\/03\/software-img-07-1-300x158.png 300w, https:\/\/boutiquesqc.ca\/dev-ia\/wp-content\/uploads\/sites\/3\/2026\/03\/software-img-07-1-768x406.png 768w, https:\/\/boutiquesqc.ca\/dev-ia\/wp-content\/uploads\/sites\/3\/2026\/03\/software-img-07-1.png 1280w\" sizes=\"(max-width: 1024px) 100vw, 1024px\" \/><\/figure>\n<\/div>\n<\/div>\n\n\n\n<div class=\"wp-block-columns has-palette-color-5-background-color has-background is-layout-flex wp-container-core-columns-is-layout-97e3cd5a wp-block-columns-is-layout-flex\" style=\"margin-top:-24px\">\n<div class=\"wp-block-column is-vertically-aligned-center is-layout-flow wp-block-column-is-layout-flow\" style=\"flex-basis:66.66%\">\n<p class=\"has-text-align-left\" style=\"margin-top:139px;margin-right:14px;margin-bottom:38px;margin-left:14px;font-size:clamp(15.747px, 0.984rem + ((1vw - 3.2px) * 0.645), 24px);\"><strong>Childmaker-ai prot\u00e8ge votre site web des \u00e9ventuels dommages caus\u00e9s par les mises \u00e0 jour.<\/strong><\/p>\n\n\n\n<figure class=\"wp-block-image size-full\" style=\"margin-top:14px;margin-right:8px;margin-bottom:14px;margin-left:8px\"><img decoding=\"async\" width=\"864\" height=\"563\" src=\"https:\/\/boutiquesqc.ca\/dev-ia\/wp-content\/uploads\/sites\/3\/2026\/03\/software-img-28.png\" alt=\"software-img-\" class=\"wp-image-661\" srcset=\"https:\/\/boutiquesqc.ca\/dev-ia\/wp-content\/uploads\/sites\/3\/2026\/03\/software-img-28.png 864w, https:\/\/boutiquesqc.ca\/dev-ia\/wp-content\/uploads\/sites\/3\/2026\/03\/software-img-28-300x195.png 300w, https:\/\/boutiquesqc.ca\/dev-ia\/wp-content\/uploads\/sites\/3\/2026\/03\/software-img-28-768x500.png 768w\" sizes=\"(max-width: 864px) 100vw, 864px\" \/><\/figure>\n<\/div>\n\n\n\n<div class=\"wp-block-column is-layout-flow wp-block-column-is-layout-flow\" style=\"flex-basis:33.33%\">\n<figure class=\"wp-block-image size-full\" style=\"margin-top:14px;margin-right:8px;margin-bottom:14px;margin-left:8px\"><img decoding=\"async\" width=\"800\" height=\"591\" src=\"https:\/\/boutiquesqc.ca\/dev-ia\/wp-content\/uploads\/sites\/3\/2026\/03\/software-img-27.png\" alt=\"software-img-\" class=\"wp-image-667\" srcset=\"https:\/\/boutiquesqc.ca\/dev-ia\/wp-content\/uploads\/sites\/3\/2026\/03\/software-img-27.png 800w, https:\/\/boutiquesqc.ca\/dev-ia\/wp-content\/uploads\/sites\/3\/2026\/03\/software-img-27-300x222.png 300w, https:\/\/boutiquesqc.ca\/dev-ia\/wp-content\/uploads\/sites\/3\/2026\/03\/software-img-27-768x567.png 768w\" sizes=\"(max-width: 800px) 100vw, 800px\" \/><\/figure>\n\n\n\n<p class=\"has-text-align-center has-white-color has-luminous-vivid-orange-background-color has-text-color has-background has-link-color wp-elements-9ed69a0a2a0f927a83c9e45ebb11154a\" style=\"border-top-left-radius:19px;border-top-right-radius:19px;border-bottom-left-radius:19px;border-bottom-right-radius:19px;margin-top:32px;margin-right:8px;margin-bottom:32px;margin-left:8px;font-size:clamp(14px, 0.875rem + ((1vw - 3.2px) * 0.313), 18px);\"><strong>Comment \u00e7a marche<\/strong><\/p>\n\n\n\n<p style=\"margin-top:0px;margin-right:8px;margin-bottom:0px;margin-left:8px\">Installez l\u2019extension et activez-la.<br>Acc\u00e9dez aux param\u00e8tres et choisissez le th\u00e8me \u00e0 cloner dans la liste d\u00e9roulante.<br>Cliquez sur \u00ab Cr\u00e9er le th\u00e8me enfant \u00bb et c\u2019est tout.<br>Cette version vous permet de cr\u00e9er jusqu\u2019\u00e0 3 th\u00e8mes enfants \u00e0 partir de vos th\u00e8mes pr\u00e9f\u00e9r\u00e9s.<\/p>\n\n\n\n<p style=\"margin-top:0px;margin-right:8px;margin-bottom:20px;margin-left:8px\">Si vous voulez ajouter du code HTML, CSS ou JS, vous pouvez facilement utiliser le personnalisateur de votre th\u00e8me enfant ou le bloc de code.<\/p>\n<\/div>\n<\/div>\n\n\n\n<div class=\"wp-block-columns has-palette-color-5-background-color has-background is-layout-flex wp-container-core-columns-is-layout-d0286cdf wp-block-columns-is-layout-flex\" style=\"margin-top:-26px\">\n<div class=\"wp-block-column has-palette-color-5-background-color has-background is-layout-flow wp-block-column-is-layout-flow\">\n<p class=\"has-palette-color-1-color has-text-color has-link-color wp-elements-abadc51985873b2f6e3a07e433ea7a55\" style=\"margin-top:40px;margin-right:8px;margin-bottom:14px;margin-left:8px;font-size:clamp(14px, 0.875rem + ((1vw - 3.2px) * 0.313), 18px);\"><strong>Pourquoi cr\u00e9er un th\u00e8me enfant dans WordPress ?<\/strong><\/p>\n\n\n\n<p style=\"margin-top:0px;margin-right:8px;margin-bottom:0px;margin-left:8px\">La cr\u00e9ation d\u2019un th\u00e8me enfant dans WordPress est une bonne pratique essentielle pour toute personnalisation d\u2019un site web. Un th\u00e8me enfant permet de modifier l\u2019apparence ou le comportement d\u2019un site sans alt\u00e9rer directement le th\u00e8me parent. Cela garantit que toutes les personnalisations sont conserv\u00e9es lors des mises \u00e0 jour du th\u00e8me principal.<\/p>\n\n\n\n<p style=\"margin-top:0px;margin-right:8px;margin-bottom:0px;margin-left:8px\">Sans th\u00e8me enfant, toute modification apport\u00e9e au th\u00e8me parent serait \u00e9cras\u00e9e \u00e0 la prochaine mise \u00e0 jour. C\u2019est non seulement risqu\u00e9, mais cela expose aussi le site \u00e0 des bogues, des pertes de style ou de fonctionnalit\u00e9s. En cr\u00e9ant un th\u00e8me enfant, le d\u00e9veloppeur peut surcharger les fichiers du th\u00e8me parent (comme&nbsp;style.css&nbsp;ou&nbsp;functions.php) et y ajouter son propre code sans jamais compromettre la base.<\/p>\n\n\n\n<p style=\"margin-top:0px;margin-right:8px;margin-bottom:0px;margin-left:8px\">Un th\u00e8me enfant est donc un outil puissant pour les utilisateurs avanc\u00e9s comme pour les d\u00e9butants. Il permet une grande flexibilit\u00e9&nbsp;: ajout de styles CSS personnalis\u00e9s, cr\u00e9ation des mod\u00e8les, modification de fonctions PHP, etc.<\/p>\n\n\n\n<p style=\"margin-top:0px;margin-right:8px;margin-bottom:0px;margin-left:8px\">En r\u00e9sum\u00e9, un th\u00e8me enfant est la m\u00e9thode la plus propre, s\u00e9curis\u00e9e et durable pour personnaliser son site WordPress sans risquer de perdre son travail. Il s\u00e9pare clairement les fichiers de base du th\u00e8me des personnalisations, tout en permettant un contr\u00f4le total sur le rendu final du site.<\/p>\n\n\n\n<div class=\"wp-block-buttons is-content-justification-center is-layout-flex wp-container-core-buttons-is-layout-e88ce6cf wp-block-buttons-is-layout-flex\" style=\"margin-top:78px;margin-bottom:78px\">\n<div class=\"wp-block-button is-style-fill\"><a class=\"wp-block-button__link has-palette-color-8-color has-text-color has-background has-link-color has-text-align-center has-custom-font-size wp-element-button\" href=\"https:\/\/fr-ca.wordpress.org\/plugins\/childmaker-ai\/\" style=\"border-top-left-radius:73px;border-top-right-radius:73px;border-bottom-left-radius:73px;border-bottom-right-radius:73px;background-color:#fb1818;font-size:clamp(22.041px, 1.378rem + ((1vw - 3.2px) * 1.091), 36px);\"><strong>T\u00c9L\u00c9CHARGER<\/strong><\/a><\/div>\n<\/div>\n<\/div>\n<\/div>\n","protected":false},"excerpt":{"rendered":"<p>Il s\u2019agit d\u2019une extension l\u00e9g\u00e8re et minimaliste. Libre d\u2019annonces et de distractions. Vos commentaires sont les bienvenus\u2009; ils nous aideront \u00e0 am\u00e9liorer notre travail. Bon succ\u00e8s\u2009! Pour mieux comprendre comment l\u2019extension fonctionne, visitez :&nbsp;youtube.com Childmaker-ai prot\u00e8ge votre site web des \u00e9ventuels dommages caus\u00e9s par les mises \u00e0 jour. Comment \u00e7a marche Installez l\u2019extension et activez-la.Acc\u00e9dez [&hellip;]<\/p>\n","protected":false},"author":1,"featured_media":0,"parent":0,"menu_order":0,"comment_status":"closed","ping_status":"closed","template":"","meta":{"footnotes":""},"class_list":["post-38","page","type-page","status-publish","hentry"],"blocksy_meta":[],"_links":{"self":[{"href":"https:\/\/boutiquesqc.ca\/dev-ia\/wp-json\/wp\/v2\/pages\/38","targetHints":{"allow":["GET"]}}],"collection":[{"href":"https:\/\/boutiquesqc.ca\/dev-ia\/wp-json\/wp\/v2\/pages"}],"about":[{"href":"https:\/\/boutiquesqc.ca\/dev-ia\/wp-json\/wp\/v2\/types\/page"}],"author":[{"embeddable":true,"href":"https:\/\/boutiquesqc.ca\/dev-ia\/wp-json\/wp\/v2\/users\/1"}],"replies":[{"embeddable":true,"href":"https:\/\/boutiquesqc.ca\/dev-ia\/wp-json\/wp\/v2\/comments?post=38"}],"version-history":[{"count":0,"href":"https:\/\/boutiquesqc.ca\/dev-ia\/wp-json\/wp\/v2\/pages\/38\/revisions"}],"wp:attachment":[{"href":"https:\/\/boutiquesqc.ca\/dev-ia\/wp-json\/wp\/v2\/media?parent=38"}],"curies":[{"name":"wp","href":"https:\/\/api.w.org\/{rel}","templated":true}]}}